{"id":367,"date":"2021-12-20T12:46:16","date_gmt":"2021-12-20T11:46:16","guid":{"rendered":"https:\/\/www.bebservice.it\/?page_id=367"},"modified":"2023-07-03T10:32:28","modified_gmt":"2023-07-03T08:32:28","slug":"segnalazione-sa-8000","status":"publish","type":"page","link":"https:\/\/www.bebservice.it\/index.php\/politiche-e-responsabilita-sociale-conforme-alla-norma-sa-8000\/segnalazione-sa-8000\/","title":{"rendered":"Segnalazione SA 8000"},"content":{"rendered":"\n<h2 class=\"wp-block-heading\">Segnalazione SA 8000<\/h2>\n\n\n\n<div style=\"height:60px\" aria-hidden=\"true\" class=\"wp-block-spacer\"><\/div>\n\n\n\n<p><strong>La B&amp;B SERVICE Societ\u00e0 Cooperativa<\/strong>&nbsp;ha implementato un&nbsp;<strong>Sistema di Gestione Qualit\u00e0, Ambiente, Sicurezza e Responsabilit\u00e0 Sociale<\/strong>&nbsp;conforme alle&nbsp;<strong>norme ISO 9001, ISO 14001, OHSAS 18001<\/strong>&nbsp;e<strong>&nbsp;SA 8000<\/strong>&nbsp;<\/p>\n\n\n\n<p><strong>SEGNALAZIONI SA 8000<\/strong><\/p>\n\n\n\n<p>Per garantire a tutti i lavoratori ed a tutte le parti interessate una facile comunicazione di rilievi e suggerimenti in merito agli aspetti inerenti SA 8000, la&nbsp;<strong>B&amp;B SERVICE Societ\u00e0 Cooperativa<\/strong>&nbsp;ha istituito un sistema di inoltro di comunicazioni definito nella seguente procedura:<\/p>\n\n\n\n<p><a href=\"https:\/\/www.bebservice.it\/wp-content\/uploads\/2023\/05\/P4.01-Segnalazioni-R7.pdf\" target=\"_blank\" rel=\"noreferrer noopener\">Segnalazioni parti interessate.pdf<\/a><\/p>\n\n\n\n<p><br>Per inviare una segnalazione SA 8000 potete usare il modulo sotto riportato<strong> (la segnalazione \u00e8 anonima)<\/strong>:<\/p>\n\n\n<div class=\"wpforms-container wpforms-container-full wpforms-block wpforms-block-41b34be2-6a3f-48c3-9dca-243cb958cfdf\" id=\"wpforms-743\"><form id=\"wpforms-form-743\" class=\"wpforms-validate wpforms-form wpforms-ajax-form\" data-formid=\"743\" method=\"post\" enctype=\"multipart\/form-data\" action=\"\/index.php\/wp-json\/wp\/v2\/pages\/367\" data-token=\"3ea0c23e60c480d5951954607686c733\" data-token-time=\"1776206952\"><noscript class=\"wpforms-error-noscript\">Abilita JavaScript nel browser per completare questo modulo.<\/noscript><div class=\"wpforms-field-container\"><div id=\"wpforms-743-field_2-container\" class=\"wpforms-field wpforms-field-textarea\" data-field-id=\"2\"><label class=\"wpforms-field-label\" for=\"wpforms-743-field_2\">Lascia la tua segnalazione <span class=\"wpforms-required-label\">*<\/span><\/label><textarea id=\"wpforms-743-field_2\" class=\"wpforms-field-medium wpforms-field-required\" name=\"wpforms[fields][2]\" required><\/textarea><\/div><\/div><!-- .wpforms-field-container --><div class=\"wpforms-submit-container\" ><input type=\"hidden\" name=\"wpforms[id]\" value=\"743\"><input type=\"hidden\" name=\"page_title\" value=\"\"><input type=\"hidden\" name=\"page_url\" value=\"https:\/\/www.bebservice.it\/index.php\/wp-json\/wp\/v2\/pages\/367\"><button type=\"submit\" name=\"wpforms[submit]\" id=\"wpforms-submit-743\" class=\"wpforms-submit\" data-alt-text=\"Sending...\" data-submit-text=\"Invia\" aria-live=\"assertive\" value=\"wpforms-submit\">Invia<\/button><img decoding=\"async\" src=\"https:\/\/www.bebservice.it\/wp-content\/plugins\/wpforms-lite\/assets\/images\/submit-spin.svg\" class=\"wpforms-submit-spinner\" style=\"display: none;\" width=\"26\" height=\"26\" alt=\"Caricamento\"><\/div><\/form><\/div>  <!-- .wpforms-container -->","protected":false},"excerpt":{"rendered":"<p>Segnalazione SA 8000 La B&amp;B SERVICE Societ\u00e0 Cooperativa&nbsp;ha implementato un&nbsp;Sistema di Gestione Qualit\u00e0, Ambiente, Sicurezza e Responsabilit\u00e0 Sociale&nbsp;conforme alle&nbsp;norme ISO 9001, ISO 14001, OHSAS 18001&nbsp;e&nbsp;SA&hellip;<\/p>\n","protected":false},"author":1,"featured_media":0,"parent":364,"menu_order":0,"comment_status":"closed","ping_status":"closed","template":"","meta":{"footnotes":""},"class_list":["post-367","page","type-page","status-publish","hentry"],"yoast_head":"<!-- This site is optimized with the Yoast SEO plugin v24.1 - https:\/\/yoast.com\/wordpress\/plugins\/seo\/ -->\n<title>Segnalazione SA 8000 - B&amp;B Service<\/title>\n<meta name=\"description\" content=\"Segnalazione SA 8000 - B&amp;B Service\" \/>\n<meta name=\"robots\" content=\"index, follow, max-snippet:-1, max-image-preview:large, max-video-preview:-1\" \/>\n<link rel=\"canonical\" href=\"https:\/\/www.bebservice.it\/index.php\/politiche-e-responsabilita-sociale-conforme-alla-norma-sa-8000\/segnalazione-sa-8000\/\" \/>\n<meta property=\"og:locale\" content=\"it_IT\" \/>\n<meta property=\"og:type\" content=\"article\" \/>\n<meta property=\"og:title\" content=\"Segnalazione SA 8000 - B&amp;B Service\" \/>\n<meta property=\"og:description\" content=\"Segnalazione SA 8000 - B&amp;B Service\" \/>\n<meta property=\"og:url\" content=\"https:\/\/www.bebservice.it\/index.php\/politiche-e-responsabilita-sociale-conforme-alla-norma-sa-8000\/segnalazione-sa-8000\/\" \/>\n<meta property=\"og:site_name\" content=\"B&amp;B Service\" \/>\n<meta property=\"article:modified_time\" content=\"2023-07-03T08:32:28+00:00\" \/>\n<meta name=\"twitter:card\" content=\"summary_large_image\" \/>\n<meta name=\"twitter:label1\" content=\"Tempo di lettura stimato\" \/>\n\t<meta name=\"twitter:data1\" content=\"1 minuto\" \/>\n<script type=\"application\/ld+json\" class=\"yoast-schema-graph\">{\"@context\":\"https:\/\/schema.org\",\"@graph\":[{\"@type\":\"WebPage\",\"@id\":\"https:\/\/www.bebservice.it\/index.php\/politiche-e-responsabilita-sociale-conforme-alla-norma-sa-8000\/segnalazione-sa-8000\/\",\"url\":\"https:\/\/www.bebservice.it\/index.php\/politiche-e-responsabilita-sociale-conforme-alla-norma-sa-8000\/segnalazione-sa-8000\/\",\"name\":\"Segnalazione SA 8000 - B&amp;B Service\",\"isPartOf\":{\"@id\":\"https:\/\/www.bebservice.it\/#website\"},\"datePublished\":\"2021-12-20T11:46:16+00:00\",\"dateModified\":\"2023-07-03T08:32:28+00:00\",\"description\":\"Segnalazione SA 8000 - B&amp;B Service\",\"breadcrumb\":{\"@id\":\"https:\/\/www.bebservice.it\/index.php\/politiche-e-responsabilita-sociale-conforme-alla-norma-sa-8000\/segnalazione-sa-8000\/#breadcrumb\"},\"inLanguage\":\"it-IT\",\"potentialAction\":[{\"@type\":\"ReadAction\",\"target\":[\"https:\/\/www.bebservice.it\/index.php\/politiche-e-responsabilita-sociale-conforme-alla-norma-sa-8000\/segnalazione-sa-8000\/\"]}]},{\"@type\":\"BreadcrumbList\",\"@id\":\"https:\/\/www.bebservice.it\/index.php\/politiche-e-responsabilita-sociale-conforme-alla-norma-sa-8000\/segnalazione-sa-8000\/#breadcrumb\",\"itemListElement\":[{\"@type\":\"ListItem\",\"position\":1,\"name\":\"Home\",\"item\":\"https:\/\/www.bebservice.it\/\"},{\"@type\":\"ListItem\",\"position\":2,\"name\":\"Politiche e Responsabilit\u00e0 Sociale conforme alla norma SA 8000\",\"item\":\"https:\/\/www.bebservice.it\/index.php\/politiche-e-responsabilita-sociale-conforme-alla-norma-sa-8000\/\"},{\"@type\":\"ListItem\",\"position\":3,\"name\":\"Segnalazione SA 8000\"}]},{\"@type\":\"WebSite\",\"@id\":\"https:\/\/www.bebservice.it\/#website\",\"url\":\"https:\/\/www.bebservice.it\/\",\"name\":\"B&amp;B Service\",\"description\":\"Servizi di Facility Management\",\"publisher\":{\"@id\":\"https:\/\/www.bebservice.it\/#organization\"},\"potentialAction\":[{\"@type\":\"SearchAction\",\"target\":{\"@type\":\"EntryPoint\",\"urlTemplate\":\"https:\/\/www.bebservice.it\/?s={search_term_string}\"},\"query-input\":{\"@type\":\"PropertyValueSpecification\",\"valueRequired\":true,\"valueName\":\"search_term_string\"}}],\"inLanguage\":\"it-IT\"},{\"@type\":\"Organization\",\"@id\":\"https:\/\/www.bebservice.it\/#organization\",\"name\":\"B&B Service\",\"url\":\"https:\/\/www.bebservice.it\/\",\"logo\":{\"@type\":\"ImageObject\",\"inLanguage\":\"it-IT\",\"@id\":\"https:\/\/www.bebservice.it\/#\/schema\/logo\/image\/\",\"url\":\"https:\/\/www.bebservice.it\/wp-content\/uploads\/2021\/12\/cropped-logo-ridotto-sfumatureJPG-1.jpg\",\"contentUrl\":\"https:\/\/www.bebservice.it\/wp-content\/uploads\/2021\/12\/cropped-logo-ridotto-sfumatureJPG-1.jpg\",\"width\":364,\"height\":205,\"caption\":\"B&B Service\"},\"image\":{\"@id\":\"https:\/\/www.bebservice.it\/#\/schema\/logo\/image\/\"},\"sameAs\":[\"https:\/\/www.linkedin.com\/company\/beb-service\/\"]}]}<\/script>\n<!-- \/ Yoast SEO plugin. -->","yoast_head_json":{"title":"Segnalazione SA 8000 - B&amp;B Service","description":"Segnalazione SA 8000 - B&amp;B Service","robots":{"index":"index","follow":"follow","max-snippet":"max-snippet:-1","max-image-preview":"max-image-preview:large","max-video-preview":"max-video-preview:-1"},"canonical":"https:\/\/www.bebservice.it\/index.php\/politiche-e-responsabilita-sociale-conforme-alla-norma-sa-8000\/segnalazione-sa-8000\/","og_locale":"it_IT","og_type":"article","og_title":"Segnalazione SA 8000 - B&amp;B Service","og_description":"Segnalazione SA 8000 - B&amp;B Service","og_url":"https:\/\/www.bebservice.it\/index.php\/politiche-e-responsabilita-sociale-conforme-alla-norma-sa-8000\/segnalazione-sa-8000\/","og_site_name":"B&amp;B Service","article_modified_time":"2023-07-03T08:32:28+00:00","twitter_card":"summary_large_image","twitter_misc":{"Tempo di lettura stimato":"1 minuto"},"schema":{"@context":"https:\/\/schema.org","@graph":[{"@type":"WebPage","@id":"https:\/\/www.bebservice.it\/index.php\/politiche-e-responsabilita-sociale-conforme-alla-norma-sa-8000\/segnalazione-sa-8000\/","url":"https:\/\/www.bebservice.it\/index.php\/politiche-e-responsabilita-sociale-conforme-alla-norma-sa-8000\/segnalazione-sa-8000\/","name":"Segnalazione SA 8000 - B&amp;B Service","isPartOf":{"@id":"https:\/\/www.bebservice.it\/#website"},"datePublished":"2021-12-20T11:46:16+00:00","dateModified":"2023-07-03T08:32:28+00:00","description":"Segnalazione SA 8000 - B&amp;B Service","breadcrumb":{"@id":"https:\/\/www.bebservice.it\/index.php\/politiche-e-responsabilita-sociale-conforme-alla-norma-sa-8000\/segnalazione-sa-8000\/#breadcrumb"},"inLanguage":"it-IT","potentialAction":[{"@type":"ReadAction","target":["https:\/\/www.bebservice.it\/index.php\/politiche-e-responsabilita-sociale-conforme-alla-norma-sa-8000\/segnalazione-sa-8000\/"]}]},{"@type":"BreadcrumbList","@id":"https:\/\/www.bebservice.it\/index.php\/politiche-e-responsabilita-sociale-conforme-alla-norma-sa-8000\/segnalazione-sa-8000\/#breadcrumb","itemListElement":[{"@type":"ListItem","position":1,"name":"Home","item":"https:\/\/www.bebservice.it\/"},{"@type":"ListItem","position":2,"name":"Politiche e Responsabilit\u00e0 Sociale conforme alla norma SA 8000","item":"https:\/\/www.bebservice.it\/index.php\/politiche-e-responsabilita-sociale-conforme-alla-norma-sa-8000\/"},{"@type":"ListItem","position":3,"name":"Segnalazione SA 8000"}]},{"@type":"WebSite","@id":"https:\/\/www.bebservice.it\/#website","url":"https:\/\/www.bebservice.it\/","name":"B&amp;B Service","description":"Servizi di Facility Management","publisher":{"@id":"https:\/\/www.bebservice.it\/#organization"},"potentialAction":[{"@type":"SearchAction","target":{"@type":"EntryPoint","urlTemplate":"https:\/\/www.bebservice.it\/?s={search_term_string}"},"query-input":{"@type":"PropertyValueSpecification","valueRequired":true,"valueName":"search_term_string"}}],"inLanguage":"it-IT"},{"@type":"Organization","@id":"https:\/\/www.bebservice.it\/#organization","name":"B&B Service","url":"https:\/\/www.bebservice.it\/","logo":{"@type":"ImageObject","inLanguage":"it-IT","@id":"https:\/\/www.bebservice.it\/#\/schema\/logo\/image\/","url":"https:\/\/www.bebservice.it\/wp-content\/uploads\/2021\/12\/cropped-logo-ridotto-sfumatureJPG-1.jpg","contentUrl":"https:\/\/www.bebservice.it\/wp-content\/uploads\/2021\/12\/cropped-logo-ridotto-sfumatureJPG-1.jpg","width":364,"height":205,"caption":"B&B Service"},"image":{"@id":"https:\/\/www.bebservice.it\/#\/schema\/logo\/image\/"},"sameAs":["https:\/\/www.linkedin.com\/company\/beb-service\/"]}]}},"_links":{"self":[{"href":"https:\/\/www.bebservice.it\/index.php\/wp-json\/wp\/v2\/pages\/367","targetHints":{"allow":["GET"]}}],"collection":[{"href":"https:\/\/www.bebservice.it\/index.php\/wp-json\/wp\/v2\/pages"}],"about":[{"href":"https:\/\/www.bebservice.it\/index.php\/wp-json\/wp\/v2\/types\/page"}],"author":[{"embeddable":true,"href":"https:\/\/www.bebservice.it\/index.php\/wp-json\/wp\/v2\/users\/1"}],"replies":[{"embeddable":true,"href":"https:\/\/www.bebservice.it\/index.php\/wp-json\/wp\/v2\/comments?post=367"}],"version-history":[{"count":8,"href":"https:\/\/www.bebservice.it\/index.php\/wp-json\/wp\/v2\/pages\/367\/revisions"}],"predecessor-version":[{"id":2152,"href":"https:\/\/www.bebservice.it\/index.php\/wp-json\/wp\/v2\/pages\/367\/revisions\/2152"}],"up":[{"embeddable":true,"href":"https:\/\/www.bebservice.it\/index.php\/wp-json\/wp\/v2\/pages\/364"}],"wp:attachment":[{"href":"https:\/\/www.bebservice.it\/index.php\/wp-json\/wp\/v2\/media?parent=367"}],"curies":[{"name":"wp","href":"https:\/\/api.w.org\/{rel}","templated":true}]}}