{"id":364,"date":"2021-12-20T12:43:04","date_gmt":"2021-12-20T11:43:04","guid":{"rendered":"https:\/\/www.bebservice.it\/?page_id=364"},"modified":"2025-09-17T12:29:12","modified_gmt":"2025-09-17T10:29:12","slug":"politiche-e-responsabilita-sociale-conforme-alla-norma-sa-8000","status":"publish","type":"page","link":"https:\/\/www.bebservice.it\/index.php\/politiche-e-responsabilita-sociale-conforme-alla-norma-sa-8000\/","title":{"rendered":"Politiche e Responsabilit\u00e0 Sociale conforme alla norma SA 8000"},"content":{"rendered":"\t\t<div data-elementor-type=\"wp-page\" data-elementor-id=\"364\" class=\"elementor elementor-364\">\n\t\t\t\t\t\t<section class=\"elementor-section elementor-top-section elementor-element elementor-element-aefb157 elementor-section-boxed elementor-section-height-default elementor-section-height-default\" data-id=\"aefb157\" data-element_type=\"section\">\n\t\t\t\t\t\t<div class=\"elementor-container elementor-column-gap-default\">\n\t\t\t\t\t<div class=\"elementor-column elementor-col-100 elementor-top-column elementor-element elementor-element-0cfd44d\" data-id=\"0cfd44d\" data-element_type=\"column\">\n\t\t\t<div class=\"elementor-widget-wrap elementor-element-populated\">\n\t\t\t\t\t\t<div class=\"elementor-element elementor-element-ebcd349 elementor-widget elementor-widget-image\" data-id=\"ebcd349\" data-element_type=\"widget\" data-widget_type=\"image.default\">\n\t\t\t\t<div class=\"elementor-widget-container\">\n\t\t\t\t\t\t\t\t\t\t\t\t\t\t\t<img fetchpriority=\"high\" decoding=\"async\" width=\"1920\" height=\"712\" src=\"https:\/\/www.bebservice.it\/wp-content\/uploads\/2022\/09\/arcobaleno.jpg\" class=\"attachment-full size-full wp-image-1588\" alt=\"\" srcset=\"https:\/\/www.bebservice.it\/wp-content\/uploads\/2022\/09\/arcobaleno.jpg 1920w, https:\/\/www.bebservice.it\/wp-content\/uploads\/2022\/09\/arcobaleno-300x111.jpg 300w, https:\/\/www.bebservice.it\/wp-content\/uploads\/2022\/09\/arcobaleno-1024x380.jpg 1024w, https:\/\/www.bebservice.it\/wp-content\/uploads\/2022\/09\/arcobaleno-768x285.jpg 768w, https:\/\/www.bebservice.it\/wp-content\/uploads\/2022\/09\/arcobaleno-1536x570.jpg 1536w\" sizes=\"(max-width: 1920px) 100vw, 1920px\" \/>\t\t\t\t\t\t\t\t\t\t\t\t\t\t\t<\/div>\n\t\t\t\t<\/div>\n\t\t\t\t\t<\/div>\n\t\t<\/div>\n\t\t\t\t\t<\/div>\n\t\t<\/section>\n\t\t\t\t<section class=\"elementor-section elementor-top-section elementor-element elementor-element-c60a61d elementor-section-boxed elementor-section-height-default elementor-section-height-default\" data-id=\"c60a61d\" data-element_type=\"section\">\n\t\t\t\t\t\t<div class=\"elementor-container elementor-column-gap-default\">\n\t\t\t\t\t<div class=\"elementor-column elementor-col-100 elementor-top-column elementor-element elementor-element-351332b\" data-id=\"351332b\" data-element_type=\"column\">\n\t\t\t<div class=\"elementor-widget-wrap elementor-element-populated\">\n\t\t\t\t\t\t<div class=\"elementor-element elementor-element-dd6eca5 elementor-widget elementor-widget-spacer\" data-id=\"dd6eca5\" data-element_type=\"widget\" data-widget_type=\"spacer.default\">\n\t\t\t\t<div class=\"elementor-widget-container\">\n\t\t\t\t\t\t\t<div class=\"elementor-spacer\">\n\t\t\t<div class=\"elementor-spacer-inner\"><\/div>\n\t\t<\/div>\n\t\t\t\t\t\t<\/div>\n\t\t\t\t<\/div>\n\t\t\t\t\t<\/div>\n\t\t<\/div>\n\t\t\t\t\t<\/div>\n\t\t<\/section>\n\t\t\t\t<section class=\"elementor-section elementor-top-section elementor-element elementor-element-5226355 elementor-section-boxed elementor-section-height-default elementor-section-height-default\" data-id=\"5226355\" data-element_type=\"section\">\n\t\t\t\t\t\t<div class=\"elementor-container elementor-column-gap-default\">\n\t\t\t\t\t<div class=\"elementor-column elementor-col-100 elementor-top-column elementor-element elementor-element-85b4ce1\" data-id=\"85b4ce1\" data-element_type=\"column\">\n\t\t\t<div class=\"elementor-widget-wrap elementor-element-populated\">\n\t\t\t\t\t\t<div class=\"elementor-element elementor-element-e65ebc6 elementor-widget elementor-widget-heading\" data-id=\"e65ebc6\" data-element_type=\"widget\" data-widget_type=\"heading.default\">\n\t\t\t\t<div class=\"elementor-widget-container\">\n\t\t\t\t\t<h2 class=\"elementor-heading-title elementor-size-default\"><a href=\"https:\/\/www.bebservice.it\/index.php\/politiche-e-responsabilita-sociale-conforme-alla-norma-sa-8000\/\" target=\"_blank\" rel=\"noopener\"><b>Responsabilit\u00e0 Sociale - SA 8000<\/b><\/a><\/h2>\t\t\t\t<\/div>\n\t\t\t\t<\/div>\n\t\t\t\t\t<\/div>\n\t\t<\/div>\n\t\t\t\t\t<\/div>\n\t\t<\/section>\n\t\t\t\t<section class=\"elementor-section elementor-top-section elementor-element elementor-element-917be49 elementor-section-boxed elementor-section-height-default elementor-section-height-default\" data-id=\"917be49\" data-element_type=\"section\">\n\t\t\t\t\t\t<div class=\"elementor-container elementor-column-gap-default\">\n\t\t\t\t\t<div class=\"elementor-column elementor-col-100 elementor-top-column elementor-element elementor-element-6692ffe\" data-id=\"6692ffe\" data-element_type=\"column\">\n\t\t\t<div class=\"elementor-widget-wrap elementor-element-populated\">\n\t\t\t\t\t\t<div class=\"elementor-element elementor-element-d1084a4 elementor-widget elementor-widget-spacer\" data-id=\"d1084a4\" data-element_type=\"widget\" data-widget_type=\"spacer.default\">\n\t\t\t\t<div class=\"elementor-widget-container\">\n\t\t\t\t\t\t\t<div class=\"elementor-spacer\">\n\t\t\t<div class=\"elementor-spacer-inner\"><\/div>\n\t\t<\/div>\n\t\t\t\t\t\t<\/div>\n\t\t\t\t<\/div>\n\t\t\t\t\t<\/div>\n\t\t<\/div>\n\t\t\t\t\t<\/div>\n\t\t<\/section>\n\t\t\t\t<section class=\"elementor-section elementor-top-section elementor-element elementor-element-d33334e elementor-section-boxed elementor-section-height-default elementor-section-height-default\" data-id=\"d33334e\" data-element_type=\"section\">\n\t\t\t\t\t\t<div class=\"elementor-container elementor-column-gap-default\">\n\t\t\t\t\t<div class=\"elementor-column elementor-col-100 elementor-top-column elementor-element elementor-element-6e35d810\" data-id=\"6e35d810\" data-element_type=\"column\">\n\t\t\t<div class=\"elementor-widget-wrap elementor-element-populated\">\n\t\t\t\t\t\t<div class=\"elementor-element elementor-element-53264585 elementor-widget elementor-widget-text-editor\" data-id=\"53264585\" data-element_type=\"widget\" data-widget_type=\"text-editor.default\">\n\t\t\t\t<div class=\"elementor-widget-container\">\n\t\t\t\t\t\t\t\t\t<p>1. Politiche<\/p>\n<p><!-- \/wp:paragraph --><!-- wp:paragraph --><\/p>\n<p><a href=\"https:\/\/www.bebservice.it\/wp-content\/uploads\/2024\/12\/Politica-Q-A-RS-S-SS-AC-SI-EN-PG-29.11.2024.pdf\" target=\"_blank\" rel=\"noreferrer noopener\">Politica Qualit\u00e0, Ambiente, Resp. Sociale, Sicurezza, Sicurezza Stradale, Anticorruzione Sicurezza dei dati, Energia, Parit\u00e0 di\u00a0 genere.pdf<\/a><\/p>\n<p><!-- \/wp:paragraph --><!-- wp:paragraph --><\/p>\n<p>2. Prestazioni inerenti la Responsabilit\u00e0 Sociale (SA 8000)<\/p>\n<p><!-- \/wp:paragraph --><!-- wp:paragraph --><\/p>\n<p>I.\u00a0\u00a0 CENNI INFORMATIVI SUL PERCORSO CERTIFICATIVO INTRAPRESO DALL\u2019AZIENDA<\/p>\n<p><!-- \/wp:paragraph --><!-- wp:paragraph --><\/p>\n<p>La decisione di applicare lo standard internazionale SA8000 e l\u2019intenzione di ottenere la sua certificazione (cio\u00e8 l\u2019attestazione di conformit\u00e0 alla norma) da un organismo indipendente esplicita la volont\u00e0 dell\u2019azienda di conformare i propri principi ispiratori e di funzionamento organizzativo, nonch\u00e9 i propri processi decisionali e comportamenti associativi alla consapevolezza che non c&#8217;\u00e8 antitesi tra lo sviluppo della cooperativa e la responsabilit\u00e0 sociale, al contrario la loro coniugazione pu\u00f2 dare risultati molto positivi. La B&amp;B SERVICE Societ\u00e0 Cooperativa considera il personale come un suo capitale fondamentale; a tal fine dimostra consapevolezza dei problemi loro collegati e profonde impegno e volont\u00e0 per risolverli, non solo nell&#8217;interesse dello staff, ma anche della cooperativa stessa.<\/p>\n<p><!-- \/wp:paragraph --><!-- wp:paragraph --><\/p>\n<p>SA 8000 prescrive la conformit\u00e0 ai seguenti requisiti: lavoro minorile\u00a0 |\u00a0 lavoro obbligato\u00a0 |\u00a0 salute e sicurezza sul lavoro\u00a0 |\u00a0 libert\u00e0 di associazione e diritto alla contrattazione collettiva\u00a0 |\u00a0 discriminazione\u00a0 |\u00a0 procedure disciplinari\u00a0 |\u00a0 orario di lavoro\u00a0 |\u00a0 criteri retributivi &#8211;\u00a0<a href=\"https:\/\/www.bebservice.it\/wp-content\/uploads\/2023\/05\/OPUSCOLO-SA-8000-R05.pdf\" target=\"_blank\" rel=\"noreferrer noopener\">OPUSCOLO SA 8000 R05.pdf<\/a><\/p>\n<p><!-- \/wp:paragraph --><!-- wp:paragraph --><\/p>\n<p>II.\u00a0\u00a0 BILANCIO SOCIALE<\/p>\n<p><!-- \/wp:paragraph --><!-- wp:paragraph --><\/p>\n<p>Il Bilancio sulla Responsabilit\u00e0 Sociale SA 8000 risponde all\u2019obiettivo di comunicare in modo trasparente e completo a tutte le parti interessate sulle prestazioni dell\u2019azienda relativamente agli aspetti della Responsabilit\u00e0 Sociale, e di fornire un resoconto puntuale sulla propria capacit\u00e0 di soddisfare i requisiti della norma. A questo link potete scaricare l&#8217;ultimo<a href=\"https:\/\/www.bebservice.it\/wp-content\/uploads\/2025\/05\/bilancio-sociale-2024.pdf\" target=\"_blank\" rel=\"noreferrer noopener\"> BILANCIO SOCIALE 2024 D&amp;I al 2024-12-31<\/a><\/p>\n<p><!-- \/wp:paragraph --><!-- wp:paragraph --><\/p>\n<p>III.\u00a0\u00a0 OBIETTIVI SUL SISTEMA DI GESTIONE DELLA RESPONSABILIT\u00c0 SOCIALE<\/p>\n<p><!-- \/wp:paragraph --><!-- wp:paragraph --><\/p>\n<p>Annualmente la B. &amp; B. SERVICE Societ\u00e0 Cooperativa definisce gli obiettivi\u00a0 di miglioramento del Sistema di Gestione.<\/p>\n<p><!-- \/wp:paragraph --><!-- wp:paragraph --><\/p>\n<p>IV.\u00a0\u00a0 RISULTATI DEI MONITORAGGI<\/p>\n<p><!-- \/wp:paragraph --><!-- wp:paragraph --><\/p>\n<p>Si pubblicano i risultati degli audit effettuati internamente e dall\u2019ente certificatore &#8211; <a href=\"https:\/\/www.bebservice.it\/wp-content\/uploads\/2025\/05\/ESITO-AUDIT-SA8000.pdf\">Rapporto Audit 2024-12-20<\/a>\u00a0<\/p>\n<p><!-- \/wp:paragraph --><!-- wp:paragraph --><\/p>\n<p>V.\u00a0\u00a0 LAVORO MINORILE<\/p>\n<p><!-- \/wp:paragraph --><!-- wp:paragraph --><\/p>\n<p>Per diffondere le politiche e le procedure della educazione dei bambini e dei giovani lavoratori la B&amp;B SERVICE Societ\u00e0 Cooperativa ha adottato la seguente procedura:\u00a0<a href=\"https:\/\/www.bebservice.it\/wp-content\/uploads\/2024\/10\/P1.02-lavoro-infantile-R2.pdf\">P1.02 (Lavoro Infantile) R2.pdf<\/a><\/p>\n<p><!-- \/wp:paragraph --><!-- wp:paragraph --><\/p>\n<p>VI.\u00a0\u00a0 SEGNALAZIONI SA 8000<\/p>\n<p><!-- \/wp:paragraph --><!-- wp:paragraph --><\/p>\n<p>Per garantire a tutti i lavoratori ed a tutte le parti interessate una facile comunicazione di rilievi e suggerimenti in merito agli aspetti inerenti SA 8000, la B&amp;B SERVICE Societ\u00e0 Cooperativa ha istituito un sistema di comunicazioni definito nella seguente procedura: <a href=\"https:\/\/www.bebservice.it\/wp-content\/uploads\/2025\/09\/P-Segnalazioni-02-Segnalazioni-ordinarie-R01.pdf\">P- segnalazioni-02<\/a> Per inviare una segnalazione anonima SA 8000 potete cliccare sul link qui riportato: <a href=\"https:\/\/www.bebservice.it\/index.php\/form-di-segnalazione-ordinaria-etica-responsabilita-sociale\/\" target=\"_blank\" rel=\"noreferrer noopener\">SEGNALAZIONE SA 800<\/a><a href=\"http:\/\/www.bebservice.it\/certificazioni.html\">0<\/a><\/p>\n<p><!-- \/wp:paragraph --><\/p>\t\t\t\t\t\t\t\t<\/div>\n\t\t\t\t<\/div>\n\t\t\t\t\t<\/div>\n\t\t<\/div>\n\t\t\t\t\t<\/div>\n\t\t<\/section>\n\t\t\t\t<\/div>\n\t\t","protected":false},"excerpt":{"rendered":"<p>Responsabilit\u00e0 Sociale &#8211; SA 8000 1. Politiche Politica Qualit\u00e0, Ambiente, Resp. Sociale, Sicurezza, Sicurezza Stradale, Anticorruzione Sicurezza dei dati, Energia, Parit\u00e0 di\u00a0 genere.pdf 2. Prestazioni&hellip;<\/p>\n","protected":false},"author":1,"featured_media":0,"parent":0,"menu_order":0,"comment_status":"closed","ping_status":"closed","template":"","meta":{"footnotes":""},"class_list":["post-364","page","type-page","status-publish","hentry"],"yoast_head":"<!-- This site is optimized with the Yoast SEO plugin v24.1 - https:\/\/yoast.com\/wordpress\/plugins\/seo\/ -->\n<title>Politiche e Responsabilit\u00e0 Sociale conforme alla norma SA 8000 - B&amp;B Service<\/title>\n<meta name=\"description\" content=\"Politiche e Responsabilit\u00e0 Sociale conforme alla norma SA 8000 - B&amp;B Service\" \/>\n<meta name=\"robots\" content=\"index, follow, max-snippet:-1, max-image-preview:large, max-video-preview:-1\" \/>\n<link rel=\"canonical\" href=\"https:\/\/www.bebservice.it\/index.php\/politiche-e-responsabilita-sociale-conforme-alla-norma-sa-8000\/\" \/>\n<meta property=\"og:locale\" content=\"it_IT\" \/>\n<meta property=\"og:type\" content=\"article\" \/>\n<meta property=\"og:title\" content=\"Politiche e Responsabilit\u00e0 Sociale conforme alla norma SA 8000 - B&amp;B Service\" \/>\n<meta property=\"og:description\" content=\"Politiche e Responsabilit\u00e0 Sociale conforme alla norma SA 8000 - B&amp;B Service\" \/>\n<meta property=\"og:url\" content=\"https:\/\/www.bebservice.it\/index.php\/politiche-e-responsabilita-sociale-conforme-alla-norma-sa-8000\/\" \/>\n<meta property=\"og:site_name\" content=\"B&amp;B Service\" \/>\n<meta property=\"article:modified_time\" content=\"2025-09-17T10:29:12+00:00\" \/>\n<meta property=\"og:image\" content=\"https:\/\/www.bebservice.it\/wp-content\/uploads\/2022\/09\/arcobaleno.jpg\" \/>\n\t<meta property=\"og:image:width\" content=\"1920\" \/>\n\t<meta property=\"og:image:height\" content=\"712\" \/>\n\t<meta property=\"og:image:type\" content=\"image\/jpeg\" \/>\n<meta name=\"twitter:card\" content=\"summary_large_image\" \/>\n<meta name=\"twitter:label1\" content=\"Tempo di lettura stimato\" \/>\n\t<meta name=\"twitter:data1\" content=\"3 minuti\" \/>\n<script type=\"application\/ld+json\" class=\"yoast-schema-graph\">{\"@context\":\"https:\/\/schema.org\",\"@graph\":[{\"@type\":\"WebPage\",\"@id\":\"https:\/\/www.bebservice.it\/index.php\/politiche-e-responsabilita-sociale-conforme-alla-norma-sa-8000\/\",\"url\":\"https:\/\/www.bebservice.it\/index.php\/politiche-e-responsabilita-sociale-conforme-alla-norma-sa-8000\/\",\"name\":\"Politiche e Responsabilit\u00e0 Sociale conforme alla norma SA 8000 - B&amp;B Service\",\"isPartOf\":{\"@id\":\"https:\/\/www.bebservice.it\/#website\"},\"primaryImageOfPage\":{\"@id\":\"https:\/\/www.bebservice.it\/index.php\/politiche-e-responsabilita-sociale-conforme-alla-norma-sa-8000\/#primaryimage\"},\"image\":{\"@id\":\"https:\/\/www.bebservice.it\/index.php\/politiche-e-responsabilita-sociale-conforme-alla-norma-sa-8000\/#primaryimage\"},\"thumbnailUrl\":\"https:\/\/www.bebservice.it\/wp-content\/uploads\/2022\/09\/arcobaleno.jpg\",\"datePublished\":\"2021-12-20T11:43:04+00:00\",\"dateModified\":\"2025-09-17T10:29:12+00:00\",\"description\":\"Politiche e Responsabilit\u00e0 Sociale conforme alla norma SA 8000 - B&amp;B Service\",\"breadcrumb\":{\"@id\":\"https:\/\/www.bebservice.it\/index.php\/politiche-e-responsabilita-sociale-conforme-alla-norma-sa-8000\/#breadcrumb\"},\"inLanguage\":\"it-IT\",\"potentialAction\":[{\"@type\":\"ReadAction\",\"target\":[\"https:\/\/www.bebservice.it\/index.php\/politiche-e-responsabilita-sociale-conforme-alla-norma-sa-8000\/\"]}]},{\"@type\":\"ImageObject\",\"inLanguage\":\"it-IT\",\"@id\":\"https:\/\/www.bebservice.it\/index.php\/politiche-e-responsabilita-sociale-conforme-alla-norma-sa-8000\/#primaryimage\",\"url\":\"https:\/\/www.bebservice.it\/wp-content\/uploads\/2022\/09\/arcobaleno.jpg\",\"contentUrl\":\"https:\/\/www.bebservice.it\/wp-content\/uploads\/2022\/09\/arcobaleno.jpg\",\"width\":1920,\"height\":712},{\"@type\":\"BreadcrumbList\",\"@id\":\"https:\/\/www.bebservice.it\/index.php\/politiche-e-responsabilita-sociale-conforme-alla-norma-sa-8000\/#breadcrumb\",\"itemListElement\":[{\"@type\":\"ListItem\",\"position\":1,\"name\":\"Home\",\"item\":\"https:\/\/www.bebservice.it\/\"},{\"@type\":\"ListItem\",\"position\":2,\"name\":\"Politiche e Responsabilit\u00e0 Sociale conforme alla norma SA 8000\"}]},{\"@type\":\"WebSite\",\"@id\":\"https:\/\/www.bebservice.it\/#website\",\"url\":\"https:\/\/www.bebservice.it\/\",\"name\":\"B&amp;B Service\",\"description\":\"Servizi di Facility Management\",\"publisher\":{\"@id\":\"https:\/\/www.bebservice.it\/#organization\"},\"potentialAction\":[{\"@type\":\"SearchAction\",\"target\":{\"@type\":\"EntryPoint\",\"urlTemplate\":\"https:\/\/www.bebservice.it\/?s={search_term_string}\"},\"query-input\":{\"@type\":\"PropertyValueSpecification\",\"valueRequired\":true,\"valueName\":\"search_term_string\"}}],\"inLanguage\":\"it-IT\"},{\"@type\":\"Organization\",\"@id\":\"https:\/\/www.bebservice.it\/#organization\",\"name\":\"B&B Service\",\"url\":\"https:\/\/www.bebservice.it\/\",\"logo\":{\"@type\":\"ImageObject\",\"inLanguage\":\"it-IT\",\"@id\":\"https:\/\/www.bebservice.it\/#\/schema\/logo\/image\/\",\"url\":\"https:\/\/www.bebservice.it\/wp-content\/uploads\/2021\/12\/cropped-logo-ridotto-sfumatureJPG-1.jpg\",\"contentUrl\":\"https:\/\/www.bebservice.it\/wp-content\/uploads\/2021\/12\/cropped-logo-ridotto-sfumatureJPG-1.jpg\",\"width\":364,\"height\":205,\"caption\":\"B&B Service\"},\"image\":{\"@id\":\"https:\/\/www.bebservice.it\/#\/schema\/logo\/image\/\"},\"sameAs\":[\"https:\/\/www.linkedin.com\/company\/beb-service\/\"]}]}<\/script>\n<!-- \/ Yoast SEO plugin. -->","yoast_head_json":{"title":"Politiche e Responsabilit\u00e0 Sociale conforme alla norma SA 8000 - B&amp;B Service","description":"Politiche e Responsabilit\u00e0 Sociale conforme alla norma SA 8000 - B&amp;B Service","robots":{"index":"index","follow":"follow","max-snippet":"max-snippet:-1","max-image-preview":"max-image-preview:large","max-video-preview":"max-video-preview:-1"},"canonical":"https:\/\/www.bebservice.it\/index.php\/politiche-e-responsabilita-sociale-conforme-alla-norma-sa-8000\/","og_locale":"it_IT","og_type":"article","og_title":"Politiche e Responsabilit\u00e0 Sociale conforme alla norma SA 8000 - B&amp;B Service","og_description":"Politiche e Responsabilit\u00e0 Sociale conforme alla norma SA 8000 - B&amp;B Service","og_url":"https:\/\/www.bebservice.it\/index.php\/politiche-e-responsabilita-sociale-conforme-alla-norma-sa-8000\/","og_site_name":"B&amp;B Service","article_modified_time":"2025-09-17T10:29:12+00:00","og_image":[{"width":1920,"height":712,"url":"https:\/\/www.bebservice.it\/wp-content\/uploads\/2022\/09\/arcobaleno.jpg","type":"image\/jpeg"}],"twitter_card":"summary_large_image","twitter_misc":{"Tempo di lettura stimato":"3 minuti"},"schema":{"@context":"https:\/\/schema.org","@graph":[{"@type":"WebPage","@id":"https:\/\/www.bebservice.it\/index.php\/politiche-e-responsabilita-sociale-conforme-alla-norma-sa-8000\/","url":"https:\/\/www.bebservice.it\/index.php\/politiche-e-responsabilita-sociale-conforme-alla-norma-sa-8000\/","name":"Politiche e Responsabilit\u00e0 Sociale conforme alla norma SA 8000 - B&amp;B Service","isPartOf":{"@id":"https:\/\/www.bebservice.it\/#website"},"primaryImageOfPage":{"@id":"https:\/\/www.bebservice.it\/index.php\/politiche-e-responsabilita-sociale-conforme-alla-norma-sa-8000\/#primaryimage"},"image":{"@id":"https:\/\/www.bebservice.it\/index.php\/politiche-e-responsabilita-sociale-conforme-alla-norma-sa-8000\/#primaryimage"},"thumbnailUrl":"https:\/\/www.bebservice.it\/wp-content\/uploads\/2022\/09\/arcobaleno.jpg","datePublished":"2021-12-20T11:43:04+00:00","dateModified":"2025-09-17T10:29:12+00:00","description":"Politiche e Responsabilit\u00e0 Sociale conforme alla norma SA 8000 - B&amp;B Service","breadcrumb":{"@id":"https:\/\/www.bebservice.it\/index.php\/politiche-e-responsabilita-sociale-conforme-alla-norma-sa-8000\/#breadcrumb"},"inLanguage":"it-IT","potentialAction":[{"@type":"ReadAction","target":["https:\/\/www.bebservice.it\/index.php\/politiche-e-responsabilita-sociale-conforme-alla-norma-sa-8000\/"]}]},{"@type":"ImageObject","inLanguage":"it-IT","@id":"https:\/\/www.bebservice.it\/index.php\/politiche-e-responsabilita-sociale-conforme-alla-norma-sa-8000\/#primaryimage","url":"https:\/\/www.bebservice.it\/wp-content\/uploads\/2022\/09\/arcobaleno.jpg","contentUrl":"https:\/\/www.bebservice.it\/wp-content\/uploads\/2022\/09\/arcobaleno.jpg","width":1920,"height":712},{"@type":"BreadcrumbList","@id":"https:\/\/www.bebservice.it\/index.php\/politiche-e-responsabilita-sociale-conforme-alla-norma-sa-8000\/#breadcrumb","itemListElement":[{"@type":"ListItem","position":1,"name":"Home","item":"https:\/\/www.bebservice.it\/"},{"@type":"ListItem","position":2,"name":"Politiche e Responsabilit\u00e0 Sociale conforme alla norma SA 8000"}]},{"@type":"WebSite","@id":"https:\/\/www.bebservice.it\/#website","url":"https:\/\/www.bebservice.it\/","name":"B&amp;B Service","description":"Servizi di Facility Management","publisher":{"@id":"https:\/\/www.bebservice.it\/#organization"},"potentialAction":[{"@type":"SearchAction","target":{"@type":"EntryPoint","urlTemplate":"https:\/\/www.bebservice.it\/?s={search_term_string}"},"query-input":{"@type":"PropertyValueSpecification","valueRequired":true,"valueName":"search_term_string"}}],"inLanguage":"it-IT"},{"@type":"Organization","@id":"https:\/\/www.bebservice.it\/#organization","name":"B&B Service","url":"https:\/\/www.bebservice.it\/","logo":{"@type":"ImageObject","inLanguage":"it-IT","@id":"https:\/\/www.bebservice.it\/#\/schema\/logo\/image\/","url":"https:\/\/www.bebservice.it\/wp-content\/uploads\/2021\/12\/cropped-logo-ridotto-sfumatureJPG-1.jpg","contentUrl":"https:\/\/www.bebservice.it\/wp-content\/uploads\/2021\/12\/cropped-logo-ridotto-sfumatureJPG-1.jpg","width":364,"height":205,"caption":"B&B Service"},"image":{"@id":"https:\/\/www.bebservice.it\/#\/schema\/logo\/image\/"},"sameAs":["https:\/\/www.linkedin.com\/company\/beb-service\/"]}]}},"_links":{"self":[{"href":"https:\/\/www.bebservice.it\/index.php\/wp-json\/wp\/v2\/pages\/364","targetHints":{"allow":["GET"]}}],"collection":[{"href":"https:\/\/www.bebservice.it\/index.php\/wp-json\/wp\/v2\/pages"}],"about":[{"href":"https:\/\/www.bebservice.it\/index.php\/wp-json\/wp\/v2\/types\/page"}],"author":[{"embeddable":true,"href":"https:\/\/www.bebservice.it\/index.php\/wp-json\/wp\/v2\/users\/1"}],"replies":[{"embeddable":true,"href":"https:\/\/www.bebservice.it\/index.php\/wp-json\/wp\/v2\/comments?post=364"}],"version-history":[{"count":101,"href":"https:\/\/www.bebservice.it\/index.php\/wp-json\/wp\/v2\/pages\/364\/revisions"}],"predecessor-version":[{"id":2747,"href":"https:\/\/www.bebservice.it\/index.php\/wp-json\/wp\/v2\/pages\/364\/revisions\/2747"}],"wp:attachment":[{"href":"https:\/\/www.bebservice.it\/index.php\/wp-json\/wp\/v2\/media?parent=364"}],"curies":[{"name":"wp","href":"https:\/\/api.w.org\/{rel}","templated":true}]}}