{"id":1665,"date":"2022-09-27T11:55:11","date_gmt":"2022-09-27T09:55:11","guid":{"rendered":"https:\/\/www.bebservice.it\/?page_id=1665"},"modified":"2026-02-04T11:05:55","modified_gmt":"2026-02-04T10:05:55","slug":"diversita-inclusione","status":"publish","type":"page","link":"https:\/\/www.bebservice.it\/index.php\/sistema-di-gestione-integrato\/diversita-inclusione\/","title":{"rendered":"Diversit\u00e0  &#038; Inclusione"},"content":{"rendered":"\t\t<div data-elementor-type=\"wp-page\" data-elementor-id=\"1665\" class=\"elementor elementor-1665\">\n\t\t\t\t\t\t<section class=\"elementor-section elementor-top-section elementor-element elementor-element-a25a013 elementor-section-boxed elementor-section-height-default elementor-section-height-default\" data-id=\"a25a013\" data-element_type=\"section\">\n\t\t\t\t\t\t<div class=\"elementor-container elementor-column-gap-default\">\n\t\t\t\t\t<div class=\"elementor-column elementor-col-100 elementor-top-column elementor-element elementor-element-b9d4a6f\" data-id=\"b9d4a6f\" data-element_type=\"column\">\n\t\t\t<div class=\"elementor-widget-wrap elementor-element-populated\">\n\t\t\t\t\t\t<div class=\"elementor-element elementor-element-6f543d2 elementor-position-top elementor-widget elementor-widget-image-box\" data-id=\"6f543d2\" data-element_type=\"widget\" data-widget_type=\"image-box.default\">\n\t\t\t\t<div class=\"elementor-widget-container\">\n\t\t\t\t\t<div class=\"elementor-image-box-wrapper\"><figure class=\"elementor-image-box-img\"><img decoding=\"async\" src=\"https:\/\/www.bebservice.it\/wp-content\/uploads\/2022\/09\/integration-g26c94bbdd_1920.jpg\" title=\"integration-g26c94bbdd_1920\" alt=\"integration-g26c94bbdd_1920\" loading=\"lazy\" \/><\/figure><\/div>\t\t\t\t<\/div>\n\t\t\t\t<\/div>\n\t\t\t\t\t<\/div>\n\t\t<\/div>\n\t\t\t\t\t<\/div>\n\t\t<\/section>\n\t\t\t\t<section class=\"elementor-section elementor-top-section elementor-element elementor-element-c21dfda elementor-section-boxed elementor-section-height-default elementor-section-height-default\" data-id=\"c21dfda\" data-element_type=\"section\">\n\t\t\t\t\t\t<div class=\"elementor-container elementor-column-gap-default\">\n\t\t\t\t\t<div class=\"elementor-column elementor-col-100 elementor-top-column elementor-element elementor-element-05e558b\" data-id=\"05e558b\" data-element_type=\"column\">\n\t\t\t<div class=\"elementor-widget-wrap elementor-element-populated\">\n\t\t\t\t\t\t<div class=\"elementor-element elementor-element-c8630e9 elementor-widget elementor-widget-spacer\" data-id=\"c8630e9\" data-element_type=\"widget\" data-widget_type=\"spacer.default\">\n\t\t\t\t<div class=\"elementor-widget-container\">\n\t\t\t\t\t\t\t<div class=\"elementor-spacer\">\n\t\t\t<div class=\"elementor-spacer-inner\"><\/div>\n\t\t<\/div>\n\t\t\t\t\t\t<\/div>\n\t\t\t\t<\/div>\n\t\t\t\t\t<\/div>\n\t\t<\/div>\n\t\t\t\t\t<\/div>\n\t\t<\/section>\n\t\t\t\t<section class=\"elementor-section elementor-top-section elementor-element elementor-element-de77e1c elementor-section-boxed elementor-section-height-default elementor-section-height-default\" data-id=\"de77e1c\" data-element_type=\"section\">\n\t\t\t\t\t\t<div class=\"elementor-container elementor-column-gap-default\">\n\t\t\t\t\t<div class=\"elementor-column elementor-col-100 elementor-top-column elementor-element elementor-element-9ecf458\" data-id=\"9ecf458\" data-element_type=\"column\">\n\t\t\t<div class=\"elementor-widget-wrap elementor-element-populated\">\n\t\t\t\t\t\t<div class=\"elementor-element elementor-element-abc8d01 elementor-widget elementor-widget-heading\" data-id=\"abc8d01\" data-element_type=\"widget\" data-widget_type=\"heading.default\">\n\t\t\t\t<div class=\"elementor-widget-container\">\n\t\t\t\t\t<h2 class=\"elementor-heading-title elementor-size-default\">DIVERSITA', INCLUSIONE E PARI OPPORTUNITA'<\/h2>\t\t\t\t<\/div>\n\t\t\t\t<\/div>\n\t\t\t\t<div class=\"elementor-element elementor-element-0a7ce0b elementor-widget elementor-widget-spacer\" data-id=\"0a7ce0b\" data-element_type=\"widget\" data-widget_type=\"spacer.default\">\n\t\t\t\t<div class=\"elementor-widget-container\">\n\t\t\t\t\t\t\t<div class=\"elementor-spacer\">\n\t\t\t<div class=\"elementor-spacer-inner\"><\/div>\n\t\t<\/div>\n\t\t\t\t\t\t<\/div>\n\t\t\t\t<\/div>\n\t\t\t\t<div class=\"elementor-element elementor-element-09b8b77 elementor-widget elementor-widget-text-editor\" data-id=\"09b8b77\" data-element_type=\"widget\" data-widget_type=\"text-editor.default\">\n\t\t\t\t<div class=\"elementor-widget-container\">\n\t\t\t\t\t\t\t\t\t<p>B&amp;B Service ha implementato un modello di gestione improntato al <b>riconoscimento della diversit\u00e0<\/b>, al garantire <b>l\u2019inclusione <\/b>e il rispetto della <b>parit\u00e0 di genere<\/b> in accordo con la <b>norma ISO 30415 <\/b>e con la<b> <strong>UNI PdR 125:2022<\/strong><\/b>, al fine di sostenere e valorizzare tali principi che considera fattori di crescita e di successo.<\/p><p>La <b>diversit\u00e0 <\/b>riguarda le differenze che caratterizzano gli esseri umani, tra cui etnia, sesso, identit\u00e0 di genere, orientamento sessuale, et\u00e0, classe sociale, abilit\u00e0 o attributi fisici, credo e valori etici, nazionalit\u00e0 e preferenze politiche etc etc. Il concetto di diversity si basa sull\u2019accettazione attraverso il riconoscimento dell\u2019unicit\u00e0 di ogni persona e delle sue caratteristiche individuali, esprimendo le differenze in un ambiente sicuro, positivo e stimolante.<\/p><p>La <b>diversit\u00e0 sul posto di lavoro<\/b> consiste nella presenza, all\u2019interno di un\u2019organizzazione, di una forza lavoro eterogenea, composta da persone con caratteristiche individuali diverse tra loro.<\/p><p><b>L\u2019inclusione <\/b>riguarda tutte le azioni che favoriscono il coinvolgimento degli individui all\u2019interno di una comunit\u00e0 o di un\u2019organizzazione, sviluppando un senso di appartenenza. Un ambiente inclusivo riconosce il valore e la dignit\u00e0 di ogni persona e si impegna attivamente perch\u00e9 le diversit\u00e0 vengano tutelate e incentivate. In un\u2019azienda inclusiva, tutti i dipendenti si sentono accettati, valorizzati e sanno di poter esprimere i propri tratti unici e distintivi senza giudizio, di poter contare sulle opportunit\u00e0 di cui hanno bisogno per crescere.<\/p><p>Per <b>parit\u00e0 di genere<\/b> intendiamo una condizione nella quale tutte le persone ricevono pari trattamenti, con uguale facilit\u00e0 di accesso a risorse e opportunit\u00e0, indipendentemente dal genere di appartenenza. Una condizione nella quale l\u2019ambiente di lavoro sia libero da discriminazioni basate sul genere, da violenza o molestia di qualsiasi sorta.<\/p><p>La direzione della B&amp;B Service considera fondamentali per l\u2019implementazione del Modello di Gestione per la Diversit\u00e0, Inclusione e Parit\u00e0 di Genere i seguenti prerequisiti:<\/p><ul><li>riconoscere la diversit\u00e0<\/li><li>governare l\u2019organizzazione in maniera inclusiva<\/li><li>agire in modo etico e socialmente responsabile<\/li><li>sviluppare un ambiente di lavoro rispettoso, che favorisca l\u2019inclusione e un senso di appartenenza<\/li><li>comunicare in modo inclusivo<\/li><li>sostenere e difendere la Diversit\u00e0, Inclusione e Parit\u00e0 di Genere<\/li><\/ul><div><p>In particolare la UNI PdR125:2022 individua per la Parit\u00e0 di Genere\u00a0<span style=\"word-spacing: 0em;\">6 distinte aree strategiche:<\/span><\/p><ul><li>cultura e strategia<\/li><li>governance<\/li><li>processi di gestione delle risorse umane\u00a0<\/li><li>opportunit\u00e0 di crescita in azienda neutrali per genere<\/li><li>equit\u00e0 remunerativa per genere<\/li><li>tutela della genitorialit\u00e0 e conciliazione vita-lavoro<\/li><\/ul><p><span style=\"word-spacing: 0em;\">La B&amp;B Service ha definito quindi Politiche, procedure, prassi e codici di comportamento che garantiscano la conformit\u00e0 ai principi di D&amp;I enunciati in precedenza e ai requisiti della norma ISO 30415 e ai principi\u00a0<\/span><span style=\"word-spacing: 0em;\">di Parit\u00e0 di Genere secondo quanto previsto dalla\u00a0UNI PdR 125:2022.<\/span><\/p><p><a href=\"https:\/\/www.bebservice.it\/wp-content\/uploads\/2026\/02\/Opuscolo-Parita-di-Genere-DI-R1-del-04.05.2023.pdf\">OPUSCOLO INFORMATIVO PARI OPPORTUNIT\u00c0 e DIVERSITY &amp; INCLUSION<\/a><\/p><\/div><p>La B&amp;B Service ha deciso di sottoporre il proprio modello di gestione per la Diversit\u00e0, Inclusione e Parit\u00e0 di Genere a specifica verifica ed attestazione da parte di ente terzo.<\/p><p>Scarica la\u00a0<a href=\"https:\/\/www.bebservice.it\/wp-content\/uploads\/2024\/12\/Politica-Q-A-RS-S-SS-AC-SI-EN-PG-29.11.2024.pdf\"><b>POLITICA INTEGRATA<\/b> <\/a>di\u00a0 B&amp;B Service Soc. Coop.<\/p><p><span style=\"color: var( --e-global-color-text ); font-family: var( --e-global-typography-text-font-family ), Sans-serif; font-size: var( --e-global-typography-text-font-size ); font-style: var( --e-global-typography-text-font-style ); font-weight: var( --e-global-typography-text-font-weight ); letter-spacing: var( --e-global-typography-text-letter-spacing ); text-transform: var( --e-global-typography-text-text-transform ); word-spacing: var( --e-global-typography-text-word-spacing );\">Scarica la <strong><a href=\"https:\/\/www.bebservice.it\/wp-content\/uploads\/2025\/09\/BB-ISO-30415_GCERTI_Rev.01-.pdf\" target=\"_blank\" rel=\"noopener\">CERTIFICAZIONE ISO 30415<\/a>\u00a0<\/strong><b><\/b><\/span><\/p><p>Scarica la <strong><a href=\"https:\/\/www.bebservice.it\/wp-content\/uploads\/2023\/09\/BB-SERVICE-SOC.-COOP-GITI_844_PDR125-.pdf\">CERTIFICAZIONE UNI PdR 125<\/a><\/strong><\/p><p><u><b>SEGNALAZIONI INERENTI <\/b><a style=\"word-spacing: 0em; background-color: #ffffff;\" href=\"https:\/\/www.bebservice.it\/wp-content\/uploads\/2022\/09\/Politica-Diversita-e-Inclusione-rev.-0-del-05-09-22-003.pdf\" target=\"_blank\" rel=\"noopener\"><span style=\"color: var( --e-global-color-text ); font-family: var( --e-global-typography-text-font-family ), Sans-serif; font-size: var( --e-global-typography-text-font-size ); font-style: var( --e-global-typography-text-font-style ); letter-spacing: var( --e-global-typography-text-letter-spacing ); text-transform: var( --e-global-typography-text-text-transform ); word-spacing: var( --e-global-typography-text-word-spacing );\"><span style=\"font-weight: bold;\">LA DIVERSIT\u00c0, INCLUSIONE<\/span><\/span><\/a><span style=\"word-spacing: 0em;\">\u00a0<\/span><span style=\"word-spacing: 0em; font-weight: bold;\">E PARI OPPORTUNITA&#8217;<\/span><\/u><\/p><p>Per garantire a tutta la forza lavoro ed a tutte le parti interessate una facile comunicazione di rilievi e suggerimenti in merito agli aspetti inerenti la Diversit\u00e0, Inclusione e Parit\u00e0 di Genere,\u00a0la B&amp;B Service Soc. Coop. ha istituito la casella mail <a href=\"mailto:pariopportunita@bebservice.it\">pariopportunita@bebservice.it<\/a> ed un sistema di inoltro di comunicazioni definito nella seguente procedura: <a href=\"https:\/\/www.bebservice.it\/wp-content\/uploads\/2025\/09\/P-Segnalazioni-02-Segnalazioni-ordinarie-R01.pdf\">P-Segnalazioni-02 Segnalazioni ordinarie R01<\/a><\/p><p>Per inviare una segnalazione diretta per la Diversit\u00e0, Inclusione e Parit\u00e0 di Genere\u00a0\u00e8 possibile, inoltre, \u00a0usare il <a href=\"https:\/\/www.bebservice.it\/index.php\/form-di-segnalazione-pari-opportunita-diversita-e-inclusione\/\">form che troviamo al seguente<span style=\"text-decoration: underline;\"> link<\/span><\/a> (<u>la segnalazione pu\u00f2 essere anonima<\/u>).<\/p>\t\t\t\t\t\t\t\t<\/div>\n\t\t\t\t<\/div>\n\t\t\t\t\t<\/div>\n\t\t<\/div>\n\t\t\t\t\t<\/div>\n\t\t<\/section>\n\t\t\t\t<\/div>\n\t\t","protected":false},"excerpt":{"rendered":"<p>Diversit\u00e0 e inclusione certificazione secondo norma ISO 30415<\/p>\n","protected":false},"author":1,"featured_media":0,"parent":356,"menu_order":0,"comment_status":"closed","ping_status":"closed","template":"","meta":{"footnotes":""},"class_list":["post-1665","page","type-page","status-publish","hentry"],"yoast_head":"<!-- This site is optimized with the Yoast SEO plugin v24.1 - https:\/\/yoast.com\/wordpress\/plugins\/seo\/ -->\n<title>Diversit\u00e0 &amp; Inclusione - B&amp;B Service<\/title>\n<meta name=\"description\" content=\"Diversit\u00e0 &amp; Inclusione - B&amp;B Service\" \/>\n<meta name=\"robots\" content=\"index, follow, max-snippet:-1, max-image-preview:large, max-video-preview:-1\" \/>\n<link rel=\"canonical\" href=\"https:\/\/www.bebservice.it\/index.php\/sistema-di-gestione-integrato\/diversita-inclusione\/\" \/>\n<meta property=\"og:locale\" content=\"it_IT\" \/>\n<meta property=\"og:type\" content=\"article\" \/>\n<meta property=\"og:title\" content=\"Pari Opportunit\u00e0, Diversit\u00e0 e Inclusione\" \/>\n<meta property=\"og:description\" content=\"B&amp;B Service ha ottenuto la certificazione PDR 125 per la parit\u00e0 di genere! La certificazione PDR 125 \u00e8 il risultato di un impegno continuo per promuovere l&#039;uguaglianza di genere attraverso politiche aziendali solide, programmi di formazione, inclusione attiva e un ambiente di lavoro che rispetta e valorizza le diverse prospettive e competenze dei nostri collaboratori, percorso gi\u00e0 avviato concretamente con la certificazione per la Diversity&amp;Inclusion ISO 30415\" \/>\n<meta property=\"og:url\" content=\"https:\/\/www.bebservice.it\/index.php\/sistema-di-gestione-integrato\/diversita-inclusione\/\" \/>\n<meta property=\"og:site_name\" content=\"B&amp;B Service\" \/>\n<meta property=\"article:modified_time\" content=\"2026-02-04T10:05:55+00:00\" \/>\n<meta property=\"og:image\" content=\"https:\/\/www.bebservice.it\/wp-content\/uploads\/2022\/09\/integration-g26c94bbdd_1920.jpg\" \/>\n\t<meta property=\"og:image:width\" content=\"1920\" \/>\n\t<meta property=\"og:image:height\" content=\"1066\" \/>\n\t<meta property=\"og:image:type\" content=\"image\/jpeg\" \/>\n<meta name=\"twitter:card\" content=\"summary_large_image\" \/>\n<meta name=\"twitter:label1\" content=\"Tempo di lettura stimato\" \/>\n\t<meta name=\"twitter:data1\" content=\"4 minuti\" \/>\n<script type=\"application\/ld+json\" class=\"yoast-schema-graph\">{\"@context\":\"https:\/\/schema.org\",\"@graph\":[{\"@type\":\"WebPage\",\"@id\":\"https:\/\/www.bebservice.it\/index.php\/sistema-di-gestione-integrato\/diversita-inclusione\/\",\"url\":\"https:\/\/www.bebservice.it\/index.php\/sistema-di-gestione-integrato\/diversita-inclusione\/\",\"name\":\"Diversit\u00e0 & Inclusione - B&amp;B Service\",\"isPartOf\":{\"@id\":\"https:\/\/www.bebservice.it\/#website\"},\"primaryImageOfPage\":{\"@id\":\"https:\/\/www.bebservice.it\/index.php\/sistema-di-gestione-integrato\/diversita-inclusione\/#primaryimage\"},\"image\":{\"@id\":\"https:\/\/www.bebservice.it\/index.php\/sistema-di-gestione-integrato\/diversita-inclusione\/#primaryimage\"},\"thumbnailUrl\":\"https:\/\/www.bebservice.it\/wp-content\/uploads\/2022\/09\/integration-g26c94bbdd_1920.jpg\",\"datePublished\":\"2022-09-27T09:55:11+00:00\",\"dateModified\":\"2026-02-04T10:05:55+00:00\",\"description\":\"Diversit\u00e0 & Inclusione - B&amp;B Service\",\"breadcrumb\":{\"@id\":\"https:\/\/www.bebservice.it\/index.php\/sistema-di-gestione-integrato\/diversita-inclusione\/#breadcrumb\"},\"inLanguage\":\"it-IT\",\"potentialAction\":[{\"@type\":\"ReadAction\",\"target\":[\"https:\/\/www.bebservice.it\/index.php\/sistema-di-gestione-integrato\/diversita-inclusione\/\"]}]},{\"@type\":\"ImageObject\",\"inLanguage\":\"it-IT\",\"@id\":\"https:\/\/www.bebservice.it\/index.php\/sistema-di-gestione-integrato\/diversita-inclusione\/#primaryimage\",\"url\":\"https:\/\/www.bebservice.it\/wp-content\/uploads\/2022\/09\/integration-g26c94bbdd_1920.jpg\",\"contentUrl\":\"https:\/\/www.bebservice.it\/wp-content\/uploads\/2022\/09\/integration-g26c94bbdd_1920.jpg\",\"width\":1920,\"height\":1066},{\"@type\":\"BreadcrumbList\",\"@id\":\"https:\/\/www.bebservice.it\/index.php\/sistema-di-gestione-integrato\/diversita-inclusione\/#breadcrumb\",\"itemListElement\":[{\"@type\":\"ListItem\",\"position\":1,\"name\":\"Home\",\"item\":\"https:\/\/www.bebservice.it\/\"},{\"@type\":\"ListItem\",\"position\":2,\"name\":\"Sistema di Gestione Integrato\",\"item\":\"https:\/\/www.bebservice.it\/index.php\/sistema-di-gestione-integrato\/\"},{\"@type\":\"ListItem\",\"position\":3,\"name\":\"Diversit\u00e0 &#038; Inclusione\"}]},{\"@type\":\"WebSite\",\"@id\":\"https:\/\/www.bebservice.it\/#website\",\"url\":\"https:\/\/www.bebservice.it\/\",\"name\":\"B&amp;B Service\",\"description\":\"Servizi di Facility Management\",\"publisher\":{\"@id\":\"https:\/\/www.bebservice.it\/#organization\"},\"potentialAction\":[{\"@type\":\"SearchAction\",\"target\":{\"@type\":\"EntryPoint\",\"urlTemplate\":\"https:\/\/www.bebservice.it\/?s={search_term_string}\"},\"query-input\":{\"@type\":\"PropertyValueSpecification\",\"valueRequired\":true,\"valueName\":\"search_term_string\"}}],\"inLanguage\":\"it-IT\"},{\"@type\":\"Organization\",\"@id\":\"https:\/\/www.bebservice.it\/#organization\",\"name\":\"B&B Service\",\"url\":\"https:\/\/www.bebservice.it\/\",\"logo\":{\"@type\":\"ImageObject\",\"inLanguage\":\"it-IT\",\"@id\":\"https:\/\/www.bebservice.it\/#\/schema\/logo\/image\/\",\"url\":\"https:\/\/www.bebservice.it\/wp-content\/uploads\/2021\/12\/cropped-logo-ridotto-sfumatureJPG-1.jpg\",\"contentUrl\":\"https:\/\/www.bebservice.it\/wp-content\/uploads\/2021\/12\/cropped-logo-ridotto-sfumatureJPG-1.jpg\",\"width\":364,\"height\":205,\"caption\":\"B&B Service\"},\"image\":{\"@id\":\"https:\/\/www.bebservice.it\/#\/schema\/logo\/image\/\"},\"sameAs\":[\"https:\/\/www.linkedin.com\/company\/beb-service\/\"]}]}<\/script>\n<!-- \/ Yoast SEO plugin. -->","yoast_head_json":{"title":"Diversit\u00e0 & Inclusione - B&amp;B Service","description":"Diversit\u00e0 & Inclusione - B&amp;B Service","robots":{"index":"index","follow":"follow","max-snippet":"max-snippet:-1","max-image-preview":"max-image-preview:large","max-video-preview":"max-video-preview:-1"},"canonical":"https:\/\/www.bebservice.it\/index.php\/sistema-di-gestione-integrato\/diversita-inclusione\/","og_locale":"it_IT","og_type":"article","og_title":"Pari Opportunit\u00e0, Diversit\u00e0 e Inclusione","og_description":"B&B Service ha ottenuto la certificazione PDR 125 per la parit\u00e0 di genere! La certificazione PDR 125 \u00e8 il risultato di un impegno continuo per promuovere l'uguaglianza di genere attraverso politiche aziendali solide, programmi di formazione, inclusione attiva e un ambiente di lavoro che rispetta e valorizza le diverse prospettive e competenze dei nostri collaboratori, percorso gi\u00e0 avviato concretamente con la certificazione per la Diversity&Inclusion ISO 30415","og_url":"https:\/\/www.bebservice.it\/index.php\/sistema-di-gestione-integrato\/diversita-inclusione\/","og_site_name":"B&amp;B Service","article_modified_time":"2026-02-04T10:05:55+00:00","og_image":[{"width":1920,"height":1066,"url":"https:\/\/www.bebservice.it\/wp-content\/uploads\/2022\/09\/integration-g26c94bbdd_1920.jpg","type":"image\/jpeg"}],"twitter_card":"summary_large_image","twitter_misc":{"Tempo di lettura stimato":"4 minuti"},"schema":{"@context":"https:\/\/schema.org","@graph":[{"@type":"WebPage","@id":"https:\/\/www.bebservice.it\/index.php\/sistema-di-gestione-integrato\/diversita-inclusione\/","url":"https:\/\/www.bebservice.it\/index.php\/sistema-di-gestione-integrato\/diversita-inclusione\/","name":"Diversit\u00e0 & Inclusione - B&amp;B Service","isPartOf":{"@id":"https:\/\/www.bebservice.it\/#website"},"primaryImageOfPage":{"@id":"https:\/\/www.bebservice.it\/index.php\/sistema-di-gestione-integrato\/diversita-inclusione\/#primaryimage"},"image":{"@id":"https:\/\/www.bebservice.it\/index.php\/sistema-di-gestione-integrato\/diversita-inclusione\/#primaryimage"},"thumbnailUrl":"https:\/\/www.bebservice.it\/wp-content\/uploads\/2022\/09\/integration-g26c94bbdd_1920.jpg","datePublished":"2022-09-27T09:55:11+00:00","dateModified":"2026-02-04T10:05:55+00:00","description":"Diversit\u00e0 & Inclusione - B&amp;B Service","breadcrumb":{"@id":"https:\/\/www.bebservice.it\/index.php\/sistema-di-gestione-integrato\/diversita-inclusione\/#breadcrumb"},"inLanguage":"it-IT","potentialAction":[{"@type":"ReadAction","target":["https:\/\/www.bebservice.it\/index.php\/sistema-di-gestione-integrato\/diversita-inclusione\/"]}]},{"@type":"ImageObject","inLanguage":"it-IT","@id":"https:\/\/www.bebservice.it\/index.php\/sistema-di-gestione-integrato\/diversita-inclusione\/#primaryimage","url":"https:\/\/www.bebservice.it\/wp-content\/uploads\/2022\/09\/integration-g26c94bbdd_1920.jpg","contentUrl":"https:\/\/www.bebservice.it\/wp-content\/uploads\/2022\/09\/integration-g26c94bbdd_1920.jpg","width":1920,"height":1066},{"@type":"BreadcrumbList","@id":"https:\/\/www.bebservice.it\/index.php\/sistema-di-gestione-integrato\/diversita-inclusione\/#breadcrumb","itemListElement":[{"@type":"ListItem","position":1,"name":"Home","item":"https:\/\/www.bebservice.it\/"},{"@type":"ListItem","position":2,"name":"Sistema di Gestione Integrato","item":"https:\/\/www.bebservice.it\/index.php\/sistema-di-gestione-integrato\/"},{"@type":"ListItem","position":3,"name":"Diversit\u00e0 &#038; Inclusione"}]},{"@type":"WebSite","@id":"https:\/\/www.bebservice.it\/#website","url":"https:\/\/www.bebservice.it\/","name":"B&amp;B Service","description":"Servizi di Facility Management","publisher":{"@id":"https:\/\/www.bebservice.it\/#organization"},"potentialAction":[{"@type":"SearchAction","target":{"@type":"EntryPoint","urlTemplate":"https:\/\/www.bebservice.it\/?s={search_term_string}"},"query-input":{"@type":"PropertyValueSpecification","valueRequired":true,"valueName":"search_term_string"}}],"inLanguage":"it-IT"},{"@type":"Organization","@id":"https:\/\/www.bebservice.it\/#organization","name":"B&B Service","url":"https:\/\/www.bebservice.it\/","logo":{"@type":"ImageObject","inLanguage":"it-IT","@id":"https:\/\/www.bebservice.it\/#\/schema\/logo\/image\/","url":"https:\/\/www.bebservice.it\/wp-content\/uploads\/2021\/12\/cropped-logo-ridotto-sfumatureJPG-1.jpg","contentUrl":"https:\/\/www.bebservice.it\/wp-content\/uploads\/2021\/12\/cropped-logo-ridotto-sfumatureJPG-1.jpg","width":364,"height":205,"caption":"B&B Service"},"image":{"@id":"https:\/\/www.bebservice.it\/#\/schema\/logo\/image\/"},"sameAs":["https:\/\/www.linkedin.com\/company\/beb-service\/"]}]}},"_links":{"self":[{"href":"https:\/\/www.bebservice.it\/index.php\/wp-json\/wp\/v2\/pages\/1665","targetHints":{"allow":["GET"]}}],"collection":[{"href":"https:\/\/www.bebservice.it\/index.php\/wp-json\/wp\/v2\/pages"}],"about":[{"href":"https:\/\/www.bebservice.it\/index.php\/wp-json\/wp\/v2\/types\/page"}],"author":[{"embeddable":true,"href":"https:\/\/www.bebservice.it\/index.php\/wp-json\/wp\/v2\/users\/1"}],"replies":[{"embeddable":true,"href":"https:\/\/www.bebservice.it\/index.php\/wp-json\/wp\/v2\/comments?post=1665"}],"version-history":[{"count":73,"href":"https:\/\/www.bebservice.it\/index.php\/wp-json\/wp\/v2\/pages\/1665\/revisions"}],"predecessor-version":[{"id":2786,"href":"https:\/\/www.bebservice.it\/index.php\/wp-json\/wp\/v2\/pages\/1665\/revisions\/2786"}],"up":[{"embeddable":true,"href":"https:\/\/www.bebservice.it\/index.php\/wp-json\/wp\/v2\/pages\/356"}],"wp:attachment":[{"href":"https:\/\/www.bebservice.it\/index.php\/wp-json\/wp\/v2\/media?parent=1665"}],"curies":[{"name":"wp","href":"https:\/\/api.w.org\/{rel}","templated":true}]}}